((-7 - 1) + -1 + 8).
7
Evaluate -8 - (3 - -7 - -9) - 0.
-27
What is the value of (-14 - 15) + 11 + -1 + 3?
-16
What is the value of 16 + -1 + 2 - (-308 - -309)?
16
-6 - (-12 - -25 - 33)
14
Calculate (-1 + -11 - (8 + -14)) + -4.
-10
What is -6 + (-4 - -3) + (-5 - (4 + -35))?
19
What is the value of -22 - (-29 + 20 - 4)?
-9
-8 - (-6 - ((3 - 9 - 2) + 3))
-7
Calculate (-15 - -8) + 5 - (-12 + -1).
11
What is the value of -34 - -35 - (-2 - -12)?
-9
Evaluate 12 - (9 - -25) - -23.
1
Evaluate 4 + -1 + -10 + 29 + -25.
-3
(-8 - -8 - 6 - 7 - -4) + 16
7
Calculate 3 + 1 - (-2 + 4 - -11).
-9
What is the value of 2 - (-3 + (-2 + -3 - -5))?
5
What is the value of (26 - 17 - -4 - 0) + 2?
15
Evaluate -9 + 24 + -11 - 13.
-9
What is the value of (9 - -8) + -21 - 8?
-12
What is -11 + (-12 - -16) + 20?
13
Evaluate -1 + (13 + -1 + -8 - (5 + -2)).
0
What is the value of 6 + (25 - 19 - 38)?
-26
What is (17 - -3) + -8 + -6?
6
What is the value of -3 - (-4 - (0 - 2)) - (-219 - -214)?
4
What is the value of 8 + (-4 - 4) + -21 + 20 + 12?
11
What is the value of 10 - (24 - 20) - -2?
8
What is (-11 - -5) + 4 - (-3 - (0 - 1))?
0
What is the value of (0 + 4 - (9 - (-1 + 1))) + 15?
10
Calculate 2 + -14 - -2 - (-15 - (27 - 25)).
7
2 + 2 + -2 - (-32 - -34) - -4
4
1 + -49 - (3 + -102 + 90)
-39
Evaluate -8 + 8 + -9 + 21 + -1.
11
What is the value of -2 + (29 - 4) + (-9 - -1)?
15
Calculate (6 + -5 - 9) + 6 - -11.
9
6 - (18 + (-9 - (-5 - -14) - -9))
-3
Calculate 43 + -41 - (1 - 1).
2
Evaluate 2 - 32 - (-209 - -166).
13
What is the value of 290 - 329 - (3 - 67)?
25
-35 - -69 - 25 - -16
25
What is the value of (7 - 15) + 2 + 1?
-5
What is the value of -24 - (-22 + 8 + 4)?
-14
What is 6 + (-1 - 5) + (0 + -4 - 20)?
-24
What is the value of (-1 - -35) + (-17 - (-16 + -2) - 11)?
24
(-14 - (6 + (8 - 7) + -9)) + 4
-8
What is the value of (-3 - (-9 - -12 - (1 - 0))) + 4?
-1
Calculate -6 + (-4 - (1 - 8)) + 2.
-1
What is the value of 17 + 1 - (553 + -529)?
-6
Calculate -4 - ((-23 - -14) + -5).
10
What is the value of (-10 - -1 - ((4 - 45) + 6)) + 7?
33
What is (-5 - (-43 + 15 + 4)) + -4 + 0?
15
Calculate (-14 - -2) + 5 + 2 + 7.
2
What is the value of 0 - 24 - (-2 + -13)?
-9
(-2 + -1 - 0) + (34 - (29 + 6))
-4
(25 - (39 + -10)) + (2 - 7)
-9
Evaluate -7 + -30 - (-8 + -17).
-12
-2 - 2 - 3 - (1 + -8)
0
Evaluate -9 - ((-6 - (-1 + 4)) + -3).
3
(-6 - (17 + -20)) + -4
-7
0 - 1 - -19 - (6918 + -6870)
-30
Evaluate (-31 - -4) + 7 + 9.
-11
What is the value of -8 - (-44 - (-11 - 16))?
9
What is the value of (-1 + 0 - 0) + (-22 - (-30 - -19))?
-12
What is 23 - 8 - -30 - (-2 + 12) - 5?
30
What is 0 - ((5 - (-2 + 12)) + -5)?
10
38 + 1 + -32 - -12
19
Calculate 17 + -6 + -1 + -4.
6
-5 + -2 + -6 + 4 + 7 + 17
15
Evaluate (0 - 0) + (8 - 8) - (5 - -1).
-6
-8 - (13 - (-2 + 10 + -1) - 25)
11
What is 3 + (-3 + -1 - (-5 - -11 - -7))?
-14
Evaluate 8 - (-17 + 3 - -22).
0
10 - 30 - (3 + (8 - -6) + -11)
-26
Calculate 22 - 1 - (97 + -74).
-2
(-14 - -5) + (13 - 2) + 0 + -8
-6
What is the value of (3 - (8 + 2) - 12) + -8?
-27
Calculate -2 - (32 + (-1 - 43)).
10
What is the value of 30 + -38 + 8 + -2 - 0 - 14?
-16
-7 - (14 + -9 + 5 - 3 - 6)
-8
6 - (6 - (-10 + (-1 - -9) - -2))
0
What is the value of 7 + (10 + -6 - 8) + 6?
9
Evaluate 4 + 0 + (-222 - -209).
-9
Calculate (6 - 9) + -18 - (-5 + (3 - 4)).
-15
(-62 - -62 - (-8 + 2)) + -7 + 7
6
What is -23 + 11 + 17 + 8 + -1 + -2?
10
(-15 - (-2 - 1)) + (25 - 21)
-8
What is 14 + 0 + -17 - -6?
3
Evaluate -23 - ((15 - 39) + 15).
-14
17 - (5 - ((12 - 5) + -11 + 4))
12
Calculate -3 + (-3 - -1) + 3 + -1 + -16.
-19
What is the value of 14 - (4 - (-9 + (11 - -2)))?
14
What is 1 + -15 + 2 + 2 + -10 + 10?
-10
Calculate 4 - ((30 - 10) + -10 - 2) - -9.
5
Evaluate -8 - ((-5 - (6 - 8)) + 2 - 3).
-4
What is -6 - ((-1 - 1) + (10 - -3))?
-17
Evaluate (1 - 2) + (-12 - -27) - -5.
19
Evaluate 6 - (24 + (14 - (-3 + 16))).
-19
-5 - -1 - (-13 + (-20 - -13))
16
What is the value of 4 + (3 + 4 + 0 - -12) + -6?
17
What is 15 + -9 + 1 + 3 + -2?
8
5 + -4 + -6 + 11 + 4
10
-3 + 11 + (-9 + -18 - -5)
-14
What is the value of 18 - (8 + -19 + 8)?
21
(7 - 22) + 25 + -14
-4
2 - (-122 - -122 - (0 - (11 - -1)))
-10
Evaluate (9 - 6 - 12 - -31) + -9.
13
What is the value of -2 + -34 + 53 + -17?
0
Calculate (11 - (7 + -4)) + 11 + -15 + 14.
18
What is the value of (-5 - (-7 - -14)) + 11?
-1
What is -332 - -296 - (0 + -43)?
7
Calculate -4 - 0 - (-2 + 0 + 3 - 2).
-3
What is (-2 + -12 + 10 - 0) + 3 + -1?
-2
Calculate 2 + -12 - (93 - 105).
2
What is the value of 30 + -24 + -5 + 23?
24
What is the value of 6 - (-5 + (-1 - (-20 - -10)))?
2
Evaluate -15 - -7 - (2 - 14).
4
Calculate -17 + -22 + 10 + 29.
0
Evaluate -5 - (5 + 0 + -1 - (11 + -11)).
-9
What is 6 + -4 + -6 + 4 - (5 + -4)?
-1
4 + 3 + -6 - (-39 + 33)
7
What is -4 + (-19 - -8) + -7 + 6 + -1?
-17
What is the value of 0 - -5 - (23 - (45 - 31))?
-4
What is the value of 1 - (14 + (-6 - 11))?
4
What is the value of 3 - (4 + -1 + -3 + 8)?
-5
Evaluate (-67 + 44 - -17) + (13 - 1).
6
Calculate (-9 - ((3 - (5 - 13)) + -57)) + -4.
33
Evaluate 7 + -7 + 6 + 0 - 37 - -7.
-24
Calculate 28 + -21 + 17 - 16.
8
What is the value of 2 + -7 - (-64 - -48) - 20?
-9
Calculate -1 + 4 + (3 + -2 - 6) + 12.
10
Evaluate -49 - -3 - (-7 - 25).
-14
What is (1 - -23) + -66 + 49?
7
Evaluate (-343 - -333 - (0 + 0 + 8)) + -3.
-21
What is 531 + -551 - (-2 + -14)?
-4
What is the value of (-2 - -10) + -4 - 4 - (7 + -7)?
0
What is the value of 24 - 24 - (6 + -18)?
12
What is the value of (17 - -33) + -10 - 34?
6
Evaluate 32 + (-74 - -17) + 8.
-17
What is -1 + -2 + 1 - (-43 - (-55 + 4))?
-10
Evaluate 25 + (-4 - (5 + -12 - (-11 + 5))).
22
What is 9 + 8 + (-16 - 3)?
-2
-2 - ((-12 + -14 - -12) + 22)
-10
Evaluate -15 + 0 + 32 + -9.
8
Evaluate -23 - -50 - (-1 + 10).
18
What is 18 - (27 - 11) - -5?
7
Evaluate -15 + (235 + -247 - (1 + -3)).
-25
Calculate 1183 + -1194 + (33 - (-1 - -1)).
22
Calculate -35 + 10 - (11 - -3) - (-1 - -2).
-40
Evaluate -6 - ((1 - -2) + -2 + (2 - 19)).
10
What is the value of (4 - 2) + -14 - (44 + -53) - 10?
-13
Calculate -14 - (-1 - 11) - (1 - 13).
10
Calculate (0 + 3 - (-213 - -222)) + -12.
-18
-5 + 0 - (-5 + -7 + (13 - 14))
8
What is -13 + -13 + -22 + 73?
25
Calculate -5 + (6 + 5 - 3) + -5 - 28.
-30
What is the value of -18 - (-13 - (-6 - 1 - 7))?
-19
Evaluate (1 - (-2 - -5)) + -1 - (-7 + 7).
-3
3 + 5 + -4 + 3 + (1 - 18)
-10
Evaluate 0 - (-16 + (9 + 2 - 4)) - 31.
-22
What is the value of 5 - 13 - (10 + -3 - 7) - -3?
-5
-16 + (24 - (-3 + 8))
3
What is (-10 - 10 - 5) + 2 + -2 + 3?
-22
Calculate 0 + (-4 - (-11 + 5 - 0)).
2
What is the value of 1 + (-22 + 6 + 12 - -11)?
8
What is the value of 6 + (-28 - -16 - 0)?
-6
Calculate -7 - (23 - 31) - (15 - 1).
-13
What is 20 + (-7 - 6) + -20?
-13
Calculate -9 - ((23 - 13 - 11) + 15).
-23
What is -5 - (6 + (-16 - -2))?
3
What is (-5 + 10 - -28) + -72?
-39
What is the value of 8 - (-6 + (11 + (-7 - -2) - -45))?
-37
0 + -23 + -14 + 25
-12
What is (-17 - (9 + -14 + -3)) + -6 + 8?
-7
Calculate 17 - 19 - (18 + -37).
17
What is the value of 0 - (8 + -1 - (1 + 15) - -1)?
8
Evaluate -23 + 10 - -13 - (2 + 0 - 2).
0
Calculate 17 - (27 + -50 + 43).
-3
Calculate (4 - -7) + -3 + (-9 - (-9 + 3)).
5
24 + -2 - 38 - -37
21
-21 - (-9 + -22 + 17)
-7
-44 - -1 - (71 - 86)
-28
What is -16 - ((15 - 31) + 6)?
-6
What is -6 + 32 - 32 - 6?
-12
Evaluate -15 + (2 - -7) - (8 - 1) - -7.
-6
-1 + -7 + -10 + (16 - (1 - 12))
9
30 + -31 + (1 + 1 - (0 + 22))
-21
Calculate -3 + (-3 + 2 + -2 - (-60 + 44)).
10
0 + (-20 - -18) + (18 - -1)
17
32 - 32 - 12 - -30
18
What is the value of (10 - 12) + (7 - 5 - (-1 - -4))?
-3
Evaluate 12 - (9 - (8 + -9)).
2
Calculate (-26 - (14 + -18)) + 24.
2
Calculate (3 - (-2 + 0 - 1)) + (2 - 7).
1
(-14 + -1 - (1 - 1)) + (-103 - -104)
-14
Calculate -6 + (-10 + 19 - (2 + -2 + 6)).
-3
What is the value of -1 + 0 + -7 + (-10 - 41) + 33?
-26
What is the value of 9 + (-23 - (6 + -8)) + 0?
-12
Evaluate 20 + (-1 - (15 + 0)).
4
What is -14 - (-21 + (-1 - -8) - -13)?
-13
What is the value of 0 + -7 + 3 - 6 - 0?
-10
What is the value of (-1 + (-9 - -32) - (-18 - -7)) + -8?
25
Calculate (0 - -2) + (0 - (12 - -2)) - 1.
-13
Evaluate -43 + 35 + -3 - (-1 - 30).
20
(652 - 659) + (13 - 0)
6
Calculate 26 - (-1 + 30 + -11).
8
What is the value of (-5 - 5) + (18 - (-4 - 0)) + -6?
6
